23)/5 + 8/40*-2. What is w(a)?
-7
Let v(g) = 8*g**2 - 6*g + 5. Let y(r) = 4 + 4*r**2 + 5 - 11*r + 12*r**2. Let p(k) = 11*v(k) - 6*y(k). Give p(-1).
-7
Let p(m) = 3 - 2*m - 6 + m - 2. Let l(n) = -n - 1. Suppose 0*y + 4*y = -4. Let t be l(y). Calculate p(t).
-5
Let x(s) = 19*s**2 + 2. Suppose -99*h = -116*h - 17. Determine x(h).
21
Let g(t) = 286*t + 283*t - 568*t + 19. Calculate g(-15).
4
Let m be (-108)/(-189)*2*7. Let y(k) = -k - 3. Give y(m).
-11
Let r be (-4)/(-9) + ((-9258)/(-1080) - 9). Let x(v) be the third derivative of -5/24*v**4 + 0 + 0*v**3 + r*v**5 - 8*v**2 + 0*v. What is x(6)?
6
Let g(r) = 101*r**2 - 102*r**2 + 1 + r + r. What is g(3)?
-2
Let s(w) = -2*w**2 - 3*w. Suppose 6*u - 3*k = 10*u + 28, k = -4. Give s(u).
-20
Suppose 2*t - 3*p + 4*p = -24, 0 = 3*t - 3*p + 54. Let b = -15 - t. Let v = b + 2. Let s(g) = -6*g + 1. Determine s(v).
-5
Let q(h) = -11*h + 3*h - 2*h + 17*h. Determine q(-2).
-14
Let l(p) = -p + 2. Let z be l(-3). Suppose -154*g + 148*g + 12 = 0. Let t(a) = 23*a**2 - 24*a**2 + 4 + 3*a + 0*a**g. Determine t(z).
-6
Let r(l) = -1874 - l + 937 - 20*l**2 + 939. Calculate r(1).
-19
Let d(i) = i**3 + 3*i**2 - 4*i - 3. Let l be 16 + (6/(-4))/(-3)*0. Let n be l/28*7/(-2). What is d(n)?
9
Let d(g) = -4*g**2 - 6*g. Let t(w) be the third derivative of -2*w**5/15 - 11*w**4/24 + 21*w**2 + w. Let k(u) = 11*d(u) - 6*t(u). Determine k(2).
16
Let y(n) = -3*n**2 + 6*n - 2. Let r(h) = 3*h**2 - 5*h + 2. Let d(v) = 7*r(v) + 6*y(v). Calculate d(-3).
26
Let p(r) be the first derivative of -1 + 2*r**2 + 0*r + 1/3*r**3. Give p(-4).
0
Let k(l) = 3*l + 5. Suppose 3*h + 0*d + 33 = d, -4*h - 54 = 2*d. Let j be 6/(h/(-8) - 3). Calculate k(j).
-7
Let b(n) = 2*n**2 - 442 + 444 + 74*n - 75*n. Determine b(5).
47
Let j(f) be the third derivative of 0*f + 0 - 19*f**2 - 1/3*f**3 + 3/8*f**4 + 1/60*f**5. What is j(-8)?
-10
Let o(s) = -15*s - 6. Let i be o(-1). Suppose 0 = i*z - 24 + 6. Let y(b) be the third derivative of -b**5/30 - b**4/12 - b**2. Give y(z).
-12
Let j(g) = -g**3 + 5*g**2 - g + 4. Let d be j(3). Let u = -13 + d. Let o(w) = -15*w**3 + 8 - 15*w**3 + 40*w**3 - 3*w + 6*w**2 - 11*w**3. Calculate o(u).
-10
Let k(g) = -2*g + 22. Let v(i) = -4. Let z(f) = -k(f) - 5*v(f). What is z(-2)?
-6
Suppose -7*k + 9*k + 20 = -2*g, -3*g = 12. Suppose 2*y = -x + 2, -x = -y + 4*y - 2. Let h(p) = p + 2 - x*p + 2*p. Calculate h(k).
-4
Let w(o) be the second derivative of 5/6*o**3 - 14*o + 2*o**2 + 1/12*o**4 + 0. Calculate w(-4).
0
Let g(x) be the third derivative of 0*x + 0 + 0*x**4 + 17*x**2 - 1/120*x**6 + 1/6*x**3 - 1/20*x**5. Determine g(-3).
1
Let x(q) = q**3 - 3*q**2 - 4*q + 3. Let b(n) = n**2 - 19*n + 8. Let g be b(19). Let h(o) = -o**2 + 7*o + 11. Let k be h(g). Determine x(k).
-9
Let v(y) = y + 9. Let u(k) = k**3 + 4*k**2 + k. Let m be u(-4). Calculate v(m).
5
Let y(x) = 2*x - 11. Suppose -25 = -14*j + 9*j. What is y(j)?
-1
Let h(q) = -9*q + 36*q**2 - 77*q**2 + 42*q**2 + 3. Give h(7).
-11
Let r(h) be the second derivative of -h**3/6 - 2*h**2 - 7*h. Let g = -83 - -76. Give r(g).
3
Let b(p) = -608*p**2 + 6*p + 615*p**2 + p**3 - 12 + 3*p**3 + 0*p**3 - 5*p**3. Give b(8).
-28
Let y(j) = j + 20. Let q be y(10). Let d(n) = -q + 32 - 3*n + 4*n. Give d(-6).
-4
Let q(y) = y**3 - 13*y**2 - 6*y - 2. Let u(r) = -2*r**3 + 27*r**2 + 13*r + 3. Let o be (-286)/11*((-2)/4 - 0). Let l(b) = o*q(b) + 6*u(b). Determine l(7).
-8
Let m(x) be the second derivative of -x**3/6 + x**2/2 + 19*x. Let r be -1*(0/(-3) - 3). What is m(r)?
-2
Let c be (-27)/6 + (-4)/(-11 + 3). Let f be (2/(-3))/(8/(-12)). Let w = f - c. Let u(z) = -z**3 + 4*z**2 + 7*z - 4. What is u(w)?
6
Let g(j) = -2*j + 0*j + 0*j. Let d be (-2)/(-3) + (-521)/3. Let i = -175 - d. Calculate g(i).
4
Let c(i) = -i - 2. Let j be c(-7). Let v = -92 - -94. Let y(t) = 0 + 4*t**3 + 2*t - 6 - t**v + j. Calculate y(1).
4
Suppose -39*x + 48 = -33*x. Let c(t) = t**2 - 6*t - 13. Calculate c(x).
3
Let t(q) = -q**3 - 6*q**2 + 11. Suppose -5*p = -2*f + 2 - 34, -3*f + 2*p - 26 = 0. What is t(f)?
11
Let w(i) = -2*i - 53. Let l be -20*10/(-175)*-21. Determine w(l).
-5
Let o(m) = -m**2 + m - 5. Let b(g) = 3*g**2 - 3*g + 9. Let k(p) = -2*b(p) - 5*o(p). Let t(v) = -4*v + 12. Let w = 46 + -43. Let i be t(w). What is k(i)?
7
Suppose -11 = 3*x + 2*v, -3*x = -x - 4*v + 18. Let g(j) = j**3 + 6*j**2 + 4*j + 2. Determine g(x).
7
Let s(q) = q**2 + 6*q + 7. Let b be s(-5). Let g(z) be the third derivative of -19*z**2 + 0*z + 0 - 1/24*z**4 + 1/60*z**5 + 1/3*z**3. Calculate g(b).
4
Let a = 2 + 4. Suppose -4*o + f + 35 = 0, 5*f = -o + a + 8. Let j(k) = -k + 6*k**2 + o - k**3 - 5 - 7 + 0. What is j(6)?
-9
Let n(m) = 3*m**2 + 3*m - 1. Suppose -1 = 3*l + 26. Let a(v) = 7*v**2 + 5*v - 1. Let f(z) = l*n(z) + 4*a(z). What is f(6)?
-1
Suppose 10 = h + 4*h. Suppose 3*f + 5*j + 11 = 0, -h*f + f - 4*j - 13 = 0. Let v(o) = -1 - 111*o - o**2 + 113*o + 5. Determine v(f).
1
Let v(p) = -3*p + p**3 + 0*p**3 + 4*p**2 + 3 - 2*p**2. Suppose -3*n = -i, -8*n = 2*i - 10*n + 4. Calculate v(i).
3
Suppose 0 = 12*o - 2 - 22. Let b(d) be the second derivative of -d**o + 1/6*d**3 + 0 + d. Determine b(-2).
-4
Suppose -5*r + s + 16 = 0, -s + 3 + 5 = r. Let y(n) be the second derivative of 0 + 1/6*n**3 - 3/2*n**2 + 34*n. Determine y(r).
1
Let v(a) = a**3 - 4*a**2 + 3*a - 6. Let i(f) = f - 3*f**2 + f**3 - 5 + f**2 + 7. Let y(r) = -3*r + 20. Let d be y(6). Let j be i(d). Give v(j).
6
Let z be 3 - (-3 + 9 + 2). Let f(s) = -3*s**3 + 9*s**2 + 7*s + 3. Let p(y) = -4*y**3 + 10*y**2 + 8*y + 3. Let c(t) = 5*f(t) - 4*p(t). What is c(z)?
-12
Suppose -5*r + 15 = -4*j - j, 17 = -4*j + 5*r. Let s(w) = -5 + j - w + 4 - 5. Give s(6).
-10
Suppose -5*z + 47 - 8 = -3*o, -3*o - 12 = 4*z. Let b(l) be the second derivative of -l**4/12 - 7*l**3/6 - 2*l**2 + 53*l. Give b(o).
-12
Let t(m) = -m**3 + 4*m**2 + 7*m + 1. Suppose 0 = -2*z - 0. Suppose 3*n - 12 = 0, z + 4 = 4*o - 4*n. Calculate t(o).
11
Suppose -15*q = -23 - 22. Let u(c) be the third derivative of 0 + 0*c + 6*c**2 - 5/6*c**q - 1/24*c**4. Calculate u(-6).
1
Let n(l) = -l**3 - 3*l**2 + 5*l - 1. Suppose 3*x - 5*k + 35 = -k, 1 = x + 5*k. Let d = -13 - x. Calculate n(d).
-5
Let d(j) be the first derivative of j**7/840 + j**6/36 + j**5/12 + 11*j**4/24 + 13*j**3/3 + 12. Let a(k) be the third derivative of d(k). Give a(-9).
2
Suppose 2*g + 40 + 62 = 0. Let d be (-2)/(2/g*-3). Let l = 14 + d. Let v(i) = i + 3. Give v(l).
0
Let o(r) = -6*r**2 + r - 4. Let m(v) be the first derivative of -v**3/3 + v**2/2 - v - 3. Let u(h) = -5*m(h) + o(h). Let t = -1536 - -1530. Give u(t).
-11
Let s(q) be the second derivative of 2*q - 2*q**2 + 0 + 1/6*q**3. Give s(6).
2
Let i(v) = 5*v**2 + 1. Let q = -14 + 44. Let u = 31 - q. What is i(u)?
6
Let j(v) = v**3 + 9*v**2 + 6*v - 4. Suppose 3*r = -3*i - 2*r - 39, -17 = 4*i - 5*r. Give j(i).
12
Let z = -272 - -1633/6. Let i(s) be the second derivative of z*s**3 + 0 + 4*s**2 + 5*s. What is i(-5)?
3
Let m(w) = w**2 - 8*w + 3. Let j(h) = 5*h**2 + 22*h + 26. Let f be j(-3). What is m(f)?
-12
Suppose 6*d - 18 = 48. Let k = d + -8. Let o(s) = -s**k + 5*s**2 + 7 + 0*s**3 + 5*s + 0*s**3. What is o(6)?
1
Let m(l) = -8 + 19 - 22 - 5 + l. Determine m(8).
-8
Let h be (-40)/10*(-5)/(-4). Let f(w) = -w**2 - 2*w. Determine f(h).
-15
Let s(f) be the first derivative of -f**4/12 - f**3/3 - f**2 - 12. Let p(j) be the second derivative of s(j). Give p(-3).
4
Let u(p) = -7*p**3 + 7*p**2 - 10*p + 9. Let s(r) = 8*r**3 - 7*r**2 + 10*r - 11. Let c(i) = -6*s(i) - 7*u(i). Give c(5).
3
Let j(v) be the third derivative of 1/60*v**5 + 0 + 1/24*v**4 + 0*v - 1/3*v**3 - 41*v**2. Determine j(-4).
10
Let w(j) = -15*j**3 + j**2 + 2*j + 1. Let a be -2 + -5 + 4 - (-7 - -5). Give w(a).
15
Suppose 8*o = 75 + 21. Let c(f) = -f**2 + 11*f - 7. Give c(o).
-19
Let l(u) = u**3 - 7*u**2 - u + 2. Let i(f) = 4*f + 63. Let m be i(-14). Determine l(m).
-5
Let x(q) = 7*q**2 - 28*q - 16. Let z(h) = -11*h**2 + 42*h + 23. Let r(j) = 8*x(j) + 5*z(j). Determine r(15).
2
Let k(a) = -4*a**3 + a**2 - 4*a - 2. Let j be (23/14 + (-4)/28)*-2. Let p(g) = 3*g**3 - g**2 + 3*g + 3. Let q(y) = j*p(y) - 2*k(y). What is q(0)?
-5
Let r(i) be the first derivative of i**4/4 + 2*i**3 + 3*i**2/2 - 5*i - 23. What is r(-5)?
5
Let n(s) = -4*s - 7. Let y = -257 + 252. Give n(y).
13
Let v(i) be the third 